 prime factors of m(l)?
19
Suppose -44 = 4*x - 4*k, -3*k = -4*x - 12 - 36. What are the prime factors of x/((-4)/((-8)/(-3)))?
2, 5
Let c(n) be the second derivative of -2*n**3/3 + 2*n**2 - n. List the prime factors of c(-3).
2
Suppose 8*r - 571 = 77. List the prime factors of r.
3
Let u(o) = 11*o - 2*o - 4*o + 8*o. List the prime factors of u(1).
13
Suppose -38 = 2*v + 2. Let h = -54 + 86. Let g = v + h. What are the prime factors of g?
2, 3
Suppose -52 = -2*j - 2. Suppose a - j = -4*a. List the prime factors of a.
5
Suppose 0 = -3*x + 10*x - 469. What are the prime factors of x?
67
Suppose -3*g - 42 - 75 = 0. Suppose -5*s = -5*q - 0*s + 10, s - 4 = 4*q. What are the prime factors of g/(-6) + q/(-4)?
7
Let q be (-2)/(-2)*(-5 - -6). Let a(j) = j**2 + 6*j - 6. Let n be a(-7). List the prime factors of (1/n)/(q/12).
2, 3
Let s = -18 + 24. List the prime factors of s.
2, 3
Let w(u) = 20*u**2 + 12*u - 5. What are the prime factors of w(3)?
211
Let i(s) = 4*s. Let d be 2 - (-2 + 2 + 1). Let x be i(d). Suppose 0 = x*k - 8*k + 52. List the prime factors of k.
13
Let y = 286 + -203. Suppose -5*l - 2*r = -y, -3*l + 7 = -5*r - 18. What are the prime factors of l?
3, 5
Let l(y) = -3*y**3 + y**2 + y + 1. Let z be l(2). Let s = 9 - z. Suppose 4*f - 34 = s. List the prime factors of f.
3, 5
Suppose 3*v - p - 55 = 0, -3*v + 4*p = 16 - 56. What are the prime factors of (-52)/3*(-30)/v?
2, 13
Suppose 24 = 6*y - 2*y. Suppose 2*g - 4*s - 16 = 0, 3*s + 61 = 4*g + g. Let h = g - y. List the prime factors of h.
2
Suppose 0 - 6 = 4*s - k, -2*s + k - 2 = 0. Let c be (-136)/s + -1 + 3. Suppose -22 = 3*f - c. List the prime factors of f.
2
Let l = 189 + -46. List the prime factors of l.
11, 13
Let s(o) = -17*o - 11. List the prime factors of s(-4).
3, 19
Suppose -3*v + 7 = -5. List the prime factors of (12/(-14))/(v/(-28)).
2, 3
Suppose -y - a - 87 = -4*y, -5*y + 4*a + 152 = 0. Suppose -12 = 4*d, -5*d + 3 + 2 = 5*o. Suppose 4*w + o = y. List the prime factors of w.
2, 3
Let x(v) = -v**2 - 14*v - 18. What are the prime factors of x(-12)?
2, 3
Let c(u) = -u - 5. Let h be c(-10). Suppose y - 11 = -i, y + 0*y - 5 = h*i. List the prime factors of y.
2, 5
Suppose 24 + 1 = 5*y. Let f = y - -5. List the prime factors of f.
2, 5
Let k = -5 + 6. Suppose v = k + 13. What are the prime factors of v?
2, 7
Let d(o) = -o**2 - 20*o + 32. What are the prime factors of d(-16)?
2, 3
Suppose 203 - 571 = -8*d. List the prime factors of d.
2, 23
Let b(c) = c**2 - 7*c + 8. Let r be b(9). Suppose 0 = -5*i + d + 47, 3*i + 3*d - r = -5. What are the prime factors of i?
3
Let b be (7 - (3 + -2))/2. Suppose -2*r = -b*r + 2. What are the prime factors of r?
2
Let r = -113 - -217. What are the prime factors of r?
2, 13
Let z(b) = -b**3 - 14*b**2 - 2*b - 12. Let a be z(-14). Suppose -n = -a - 15. What are the prime factors of n?
31
Suppose 2*n + a = 5*n - 2, 4*n - 2*a = 0. Let b be (6/10)/((-2)/(-10)). Suppose -n*o + b*m = -14, -5*m - 8 = 2*o - 38. What are the prime factors of o?
2, 5
Let c = 6 - -36. What are the prime factors of c?
2, 3, 7
Suppose 4*t + 10 = -5*v, 5*t + 4*v = 2*v - 21. Let d = t - -7. What are the prime factors of d?
2
Let x(p) = -p + 1. Let o be x(0). Suppose -u + 3 - o = 0. Suppose -5*c - 16 = b - 3*b, 4*b + u*c = 8. List the prime factors of b.
3
Let g(z) = 3*z**3 + 6*z**2 + 8*z + 7. Let s(y) = 10*y**3 + 17*y**2 + 25*y + 20. Let x(f) = 7*g(f) - 2*s(f). List the prime factors of x(-7).
2
Let m(l) be the third derivative of 7/60*l**5 + 2/3*l**3 + 0 - l**2 - 1/12*l**4 + 1/120*l**6 + 0*l. List the prime factors of m(-7).
2, 3
Suppose -5*x = -10 - 10. Suppose m - 5 = 2*m + 4*u, -x*m + 45 = 3*u. Suppose 0*b - 5*b - m = 0, -3*b = -5*w + 69. What are the prime factors of w?
2, 3
Suppose -2*q + 0*q = -38. What are the prime factors of q?
19
Let w(z) = 4*z + 0 + 4 - 5. List the prime factors of w(1).
3
Let v be (-2 + (-12)/(-8))*0. Suppose v = 3*c + 2*c - 130. What are the prime factors of c?
2, 13
Let y = -49 + 67. List the prime factors of y.
2, 3
What are the prime factors of 1/(-6) - 2/36*-1731?
2, 3
Suppose -v + d + 159 = 0, 10*d = 5*d + 10. What are the prime factors of v?
7, 23
Let m(s) = s**2 + 4*s + 6. Let b be m(-5). Let d = b + -6. Suppose 3*y = d*y - 24. What are the prime factors of y?
2, 3
Suppose -6*p - 4*g + 22 = -3*p, 0 = 2*p - g. Suppose 2*v = 5*f - 12, 5*v - 1 + p = -2*f. List the prime factors of f.
2
Let y = 11 + -16. Let v be ((-4)/y)/(5/175). Suppose 0 = 4*x - 8 - v. What are the prime factors of x?
3
Suppose 5*h - 168 = 97. Suppose 4*r - i - 41 - h = 0, -3*r + 76 = 2*i. What are the prime factors of r?
2, 3
Let b be 2 - (-17 + 1 + 0). Let o = 50 - b. What are the prime factors of o?
2
Suppose 2*w = 3*u + 3, -7*u + 2*u + 3 = -2*w. Let k = w + -4. What are the prime factors of k?
2
Let w(k) = -4*k - 3. Let n be w(-2). Suppose t - 6*q = -3*q + 21, 5*q + 75 = n*t. List the prime factors of t.
2, 3
Let v be -2*1/2 + 3. Let s be v/(-8) + 46/(-8). Let c = s - -12. List the prime factors of c.
2, 3
Suppose s = 3*s. Let t(g) = -g**2 + g - 15. Let c be t(s). Let r = c - -36. What are the prime factors of r?
3, 7
What are the prime factors of (-20)/(-30)*(51 - 0)?
2, 17
Suppose 0*s + 10 = 5*s. Suppose -2*y - 3*w - w + 16 = 0, s*w + 32 = 3*y. What are the prime factors of y?
2, 5
Let h(d) = -d**3 - 3*d**2 - 3*d. Let q = -2 + 0. Let m be h(q). Suppose 0 = -m*l - 2*p + 8, -27 = -3*l + p - 3. What are the prime factors of l?
7
Let f(t) = 3*t**3 - 5*t**2 - 4*t + 2. List the prime factors of f(3).
2, 13
Let d(j) = j**2 + 2*j + 3. Let h be d(-3). What are the prime factors of (h/4*10)/1?
3, 5
Let n(m) = m**2 + m + 5. Let w be n(0). Suppose 0 = w*v - 93 - 77. List the prime factors of v.
2, 17
Let p = 14 - 10. Suppose 2*m + 2 = -3*v, m + p*m - 4*v = 41. What are the prime factors of m?
5
Suppose 3*n + 12 = 0, 0 = -3*o + 3*n - 0*n + 204. List the prime factors of o.
2
Let x(w) = -6*w**2 + 2*w - 1. Let y be x(-2). Let n be 2 - (-2 + y) - 1. Suppose l = -3*l + n. List the prime factors of l.
2
Let l(y) = -11*y - 2. List the prime factors of l(-6).
2
Suppose 10*q + 37 = 747. What are the prime factors of q?
71
Let z(g) = 4*g**2 - 5*g + 3. Let t be z(3). Suppose 5*s - s - t = 0. What are the prime factors of s?
2, 3
Let n be ((-6)/(-12))/((-1)/(-2)). Let c(b) = 5*b**3 + 5*b + 0*b - 1 - 3*b - 2*b**2. What are the prime factors of c(n)?
2
Let z(j) = -j**3 - 8*j**2 - j - 6. Let t be 2*2*(-10 + 8). List the prime factors of z(t).
2
Let g(c) = -c**3 + 4*c**2 + 4. Let p be g(3). Let y = p + -6. What are the prime factors of y?
7
Suppose -3*q - 14 = 13. Let g(d) = -d**2 - 11*d - 4. List the prime factors of g(q).
2, 7
Suppose 3*o - 2*y - 156 = 58, 5*o + 5*y - 390 = 0. What are the prime factors of o?
2, 37
Suppose 134 = h - 72. List the prime factors of h.
2, 103
Suppose -3*g - 2*c + 2 + 3 = 0, 3*c + 25 = 2*g. Let j be (-2 - -3)/(2/2). Let u = g + j. What are the prime factors of u?
2, 3
Suppose -3*q - 27 + 9 = 0. Let y be ((-4)/3)/((-1)/3). What are the prime factors of (-7 + 1)*q/y?
3
Suppose y - 5*n + 3 = -2*n, -4*y + 5*n - 12 = 0. Let i be (-1)/1*(y + 0). List the prime factors of (-10 + -1)*(i + -4).
11
Suppose 8*u = 9*u - 67. What are the prime factors of u?
67
Suppose -38 = 2*f + 3*a, f - a = -22 + 3. Suppose 36 = -4*o + 4*h, -2*h + 9 = h. Let j = o - f. List the prime factors of j.
13
Suppose 0 = 4*s + 4*p + 12, -3*p + 5 = -s - 6*p. Let v(y) = -y**2 - 5*y - 3. Let a be v(s). Suppose -a*m - m = -76. What are the prime factors of m?
19
Let k(v) = v**3 - 2*v**2 - 2*v - 3. Let r be k(3). Let t(j) = -j**2 + 14. What are the prime factors of t(r)?
2, 7
Let b = 1 - 0. What are the prime factors of 4/b - (-3)/(-3)?
3
Let y(k) = -3*k**3 - 2*k**2 - 2*k - 4. Let w be y(-3). Let u = -5 + w. Suppose u = -2*r + 7*r. List the prime factors of r.
2, 3
Let r(u) = -u**3 + 7*u**2 - 8*u + 9. Let t be r(6). What are the prime factors of (-29)/(-4) + t/12?
7
Let s(c) = -10*c - 12. Let x be s(-10). Let o = -51 + x. What are the prime factors of o?
37
Let u(l) be the first derivative of -5*l**4/2 - 2*l**3/3 - l**2/2 - 5. Let c(b) = b**2 - 4*b + 2. Let j be c(3). What are the prime factors of u(j)?
3
Suppose -4*m + 24 = g, -21 = -3*g + 2*g - 5*m. What are the prime factors of g?
2, 3
Suppose -2*u = -5*u +